1?
False
Is 19 a factor of 48089?
True
Is 15720 a multiple of 24?
True
Does 14 divide 334?
False
Does 173 divide 5363?
True
Is 5950 a multiple of 14?
True
Is 13 a factor of 9397?
False
Does 4 divide 1807?
False
Does 33 divide 4323?
True
Is 17 a factor of 1509?
False
Is 44 a factor of 39820?
True
Is 24 a factor of 5485?
False
Is 2198 a multiple of 19?
False
Does 70 divide 5600?
True
Is 4325 a multiple of 7?
False
Does 5 divide 40745?
True
Is 100 a factor of 1088?
False
Is 26 a multiple of 3?
False
Is 9 a factor of 376?
False
Is 7 a factor of 302?
False
Is 2136 a multiple of 15?
False
Does 118 divide 1416?
True
Is 1207 a multiple of 13?
False
Is 66 a factor of 132?
True
Is 1947 a multiple of 33?
True
Is 26 a factor of 1548?
False
Is 32 a factor of 277?
False
Is 40 a factor of 51880?
True
Is 272 a multiple of 29?
False
Is 603 a multiple of 14?
False
Is 272 a multiple of 21?
False
Is 52 a factor of 7332?
True
Is 3447 even?
False
Does 41 divide 3584?
False
Does 19 divide 7277?
True
Does 86 divide 2322?
True
Is 42156 a multiple of 240?
False
Does 63 divide 24696?
True
Does 24 divide 6240?
True
Is 660 a multiple of 5?
True
Is 11 a factor of 49533?
True
Is 546 a multiple of 7?
True
Does 4 divide 14252?
True
Is 46810 a multiple of 62?
True
Is 21 a factor of 882?
True
Is 1664 a multiple of 16?
True
Does 2 divide 917?
False
Is 58 a factor of 1777?
False
Does 61 divide 132492?
True
Is 9 a factor of 1980?
True
Is 872 a multiple of 39?
False
Does 93 divide 6324?
True
Does 52 divide 1716?
True
Is 8 a factor of 364?
False
Does 231 divide 64776?
False
Is 5 a factor of 2165?
True
Is 58 a factor of 1508?
True
Is 54 a multiple of 6?
True
Does 15 divide 32685?
True
Is 8 a factor of 216?
True
Is 174 a multiple of 58?
True
Is 231 a multiple of 21?
True
Does 38 divide 16703?
False
Is 1050 a multiple of 10?
True
Is 285 a multiple of 3?
True
Is 116323 a multiple of 67?
False
Does 23 divide 14490?
True
Does 157 divide 3364?
False
Is 10 a factor of 15285?
False
Does 14 divide 3659?
False
Is 6844 a multiple of 29?
True
Is 887 a multiple of 24?
False
Is 23 a factor of 2123?
False
Is 28 a factor of 1045?
False
Does 53 divide 6890?
True
Is 690 a multiple of 69?
True
Does 28 divide 8288?
True
Does 67 divide 5628?
True
Does 29 divide 2349?
True
Is 32 a factor of 13003?
False
Is 51 a factor of 7089?
True
Is 127 a factor of 3987?
False
Is 31 a factor of 6567?
False
Is 25 a factor of 31775?
True
Does 75 divide 3266?
False
Is 70 a factor of 18506?
False
Is 52 a factor of 884?
True
Is 23 a factor of 101942?
False
Is 12251 a multiple of 8?
False
Is 48 a factor of 20688?
True
Does 15 divide 1128?
False
Is 3 a factor of 1145?
False
Is 34 a multiple of 11?
False
Is 1808 even?
True
Is 8944 a multiple of 52?
True
Is 23 a factor of 1289?
False
Is 48 a multiple of 39?
False
Is 11360 a multiple of 44?
False
Is 5 a factor of 3045?
True
Does 88 divide 17943?
False
Is 5767 a multiple of 170?
False
Is 27 a factor of 377?
False
Is 1513 a multiple of 17?
True
Is 10227 a multiple of 48?
False
Is 2 a factor of 185?
False
Is 13 a factor of 364?
True
Does 39 divide 7059?
True
Is 7 a factor of 5648?
False
Is 1363 a multiple of 94?
False
Is 10 a factor of 2241?
False
Does 35 divide 14229?
False
Does 53 divide 9935?
False
Is 7781 a multiple of 31?
True
Is 6307 a multiple of 12?
False
Is 2834 a multiple of 74?
False
Is 19 a factor of 4237?
True
Is 12 a factor of 264?
True
Does 4 divide 1689?
False
Does 54 divide 13932?
True
Is 5983 even?
False
Is 16 a factor of 11839?
False
Does 28 divide 913?
False
Is 118422 a multiple of 68?
False
Is 346 a multiple of 18?
False
Is 310 a factor of 8680?
True
Is 19 a factor of 88230?
False
Does 8 divide 44325?
False
Is 5799 a multiple of 45?
False
Does 18 divide 16218?
True
Does 33 divide 7227?
True
Is 3041 a multiple of 16?
False
Is 14 a factor of 61362?
True
Does 2 divide 3548?
True
Is 4604 a multiple of 61?
False
Does 13 divide 988?
True
Is 22 a factor of 1016?
False
Is 21 a factor of 403?
False
Does 76 divide 134?
False
Is 10 a factor of 10281?
False
Is 2726 a multiple of 52?
False
Is 1047 a multiple of 19?
False
Is 444 a multiple of 11?
False
Is 10 a factor of 2200?
True
Is 3 a factor of 379?
False
Is 19 a factor of 1290?
False
Is 24 a factor of 24?
True
Does 8 divide 3134?
False
Is 14 a factor of 1106?
True
Is 4961 a multiple of 121?
True
Is 12 a multiple of 12?
True
Is 41 a factor of 902?
True
Is 36 a factor of 152820?
True
Is 407 a multiple of 8?
False
Is 17 a factor of 306?
True
Is 461 a multiple of 6?
False
Is 68 a factor of 2448?
True
Is 12 a factor of 27140?
False
Does 174 divide 115536?
True
Is 835 a multiple of 92?
False
Is 2768 a multiple of 148?
False
Is 149 a multiple of 52?
False
Does 15 divide 117705?
True
Is 18 a factor of 9162?
True
Does 18 divide 900?
True
Is 65 a factor of 520?
True
Is 2411 a multiple of 9?
False
Is 140 a factor of 41160?
True
Does 71 divide 1602?
False
Is 7 a factor of 261?
False
Is 48 a factor of 28800?
True
Is 16740 a multiple of 108?
True
Is 777 a multiple of 6?
False
Does 17 divide 6258?
False
Is 4559 a multiple of 97?
True
Is 5 a factor of 44445?
True
Does 20 divide 1400?
True
Does 5 divide 150?
True
Does 21 divide 14694?
False
Is 22 a factor of 2629?
False
Does 3 divide 1299?
True
Does 77 divide 14651?
False
Is 7 a factor of 10836?
True
Is 77 a factor of 1707?
False
Does 37 divide 2146?
True
Is 4 a factor of 74?
False
Is 17 a factor of 3509?
False
Is 5881 a multiple of 2?
False
Is 28 a factor of 29675?
False
Is 2716 a multiple of 34?
False
Is 11 a factor of 88?
True
Is 440 a multiple of 55?
True
Does 79 divide 4654?
False
Is 133078 a multiple of 15?
False
Is 57 a factor of 456?
True
Is 6672 a multiple of 8?
True
Is 6 a factor of 366?
True
Is 50 a factor of 92?
False
Is 98 a factor of 24598?
True
Is 137 a factor of 3425?
True
Is 39 a factor of 6966?
False
Is 14 a factor of 126?
True
Is 52 a factor of 3387?
False
Is 2024 a multiple of 92?
True
Does 15 divide 2430?
True
Is 26 a multiple of 13?
True
Is 7391 a multiple of 52?
False
Is 4 a factor of 120?
True
Does 23 divide 3082?
True
Is 5135 a multiple of 65?
True
Does 26 divide 2522?
True
Does 3 divide 914?
False
Is 9481 a multiple of 5?
False
Is 63 a multiple of 9?
True
Is 495 a multiple of 5?
True
Is 5090 a multiple of 5?
True
Is 30 a factor of 2521?
False
Is 117 a multiple of 3?
True
Does 75 divide 3975?
True
Does 9 divide 900?
True
Is 72 a factor of 11712?
False
Does 40 divide 5960?
True
Does 20 divide 12260?
True
Does 154 divide 2156?
True
Is 22 a factor of 13858?
False
Is 11 a factor of 176?
True
Is 23 a factor of 6554?
False
Is 20 a factor of 3788?
False
Does 22 divide 5434?
True
Does 99 divide 1281?
False
Is 13 a factor of 377?
True
Is 61196 a multiple of 145?
False
Does 20 divide 523?
False
Is 9 a factor of 85914?
True
Is 373 a multiple of 13?
False
Is 35 a factor of 2450?
True
Is 1557 a multiple of 173?
True
Is 8796 a multiple of 135?
False
Is 30 a factor of 6153?
False
Is 58 a factor of 34873?
False
Is 14 a factor of 1715?
False
Is 2777 a multiple of 11?
False
Does 7 divide 3987?
False
Does 5 divide 22757?
False
Is 105 a multiple of 3?
True
Is 12 a factor of 191?
False
Is 59 a factor of 991?
False
Is 252 a multiple of 10?
False
Is 43 a factor of 1138?
False
Does 25 divide 39423?
False
Is 46 a factor of 414?
True
Does 47 divide 52140?
False
Does 9 divide 1674?
True
Does 29 divide 613?
False
Is 455 a multiple of 35?
True
Is 30 a factor of 202?
False
Does 97 divide 1455?
True
Does 25 divide 13425?
True
Is 1157 a multiple of 13?
True
Is 2651 a multiple of 40?
False
Does 47 divide 10810?
True
Does 13 divide 3826?
False
Does 152 divide 80104?
True
Is 51 a factor of 2511?
False
Does 11 divide 271?
False
Is 52 a factor of 2808?
True
Is 13 a factor of 11807?
False
Is 50320 a multiple of 296?
True
Does 18 divide 630?
True
Is 11 a factor of 3937?
False
Is 85 a multiple of 24?
False
Does 40 divide 440?
True
Does 7 divide 12875?
False
Does 269 divide 18389?
False
Does 37 divide 4707?
False
Does 94 divide 886?
False
Is 1385 a multiple of 50?
False
Is 1826 a multiple of 17?
False
Is 11 a factor of 1595?
True
Is 3 a factor of 388?
False
Does 70 divide 181?
False
Is 1391 a multiple of 107?
True
Is 11078 a multiple of 29?
True
Does 25 divide 483?
False
Does 19 divide 26842?
False
